6 divide 71582970?
True
Is 2646 a factor of 53023474?
False
Is 1385 a factor of 187049765?
False
Is 24 a factor of 7503213?
False
Does 23 divide 76689590?
True
Does 4 divide 5541596?
True
Is 86724299 a multiple of 71?
True
Is 160 a factor of 22785003?
False
Is 181294464 a multiple of 2392?
True
Is 1007 a factor of 13318569?
False
Does 904 divide 37613632?
True
Is 21396240 a multiple of 40?
True
Is 17 a factor of 2091060?
False
Is 1313 a factor of 700200579?
True
Does 3244 divide 1599244896?
False
Is 1788 a factor of 36590841?
False
Does 189 divide 17882046?
True
Does 9 divide 631954035?
True
Is 10 a factor of 735050?
True
Does 28 divide 118221096?
True
Is 1601 a factor of 2928607722?
False
Is 4630887 a multiple of 9?
True
Is 24 a factor of 47315496?
True
Is 47981516 a multiple of 6?
False
Is 24 a factor of 6449607203?
False
Is 166 a factor of 3194942240?
True
Is 84 a factor of 604322544?
True
Does 7 divide 41027742?
True
Is 29 a factor of 38140427?
False
Does 149 divide 462831846?
True
Is 39610136 a multiple of 47?
False
Is 53867670 a multiple of 229?
True
Is 229502364 a multiple of 156?
True
Is 1403080407 a multiple of 998?
False
Is 12948746 a multiple of 126?
False
Does 15 divide 1241541424?
False
Is 41 a factor of 1794085175?
True
Is 28151733 a multiple of 245?
False
Is 8002 a factor of 2572951695?
False
Does 48 divide 86722254?
False
Does 4 divide 17492480?
True
Is 99 a factor of 2315501?
False
Is 23407637 a multiple of 107?
False
Is 13 a factor of 334828767?
True
Is 3404 a factor of 1010511440?
True
Is 657975662 a multiple of 703?
True
Does 12 divide 162810287?
False
Is 551830572 a multiple of 3?
True
Is 1111200 a multiple of 16?
True
Is 123 a factor of 105635383?
False
Is 21382183 a multiple of 131?
False
Is 422416673 a multiple of 12643?
False
Is 932929818 a multiple of 20?
False
Is 20 a factor of 317380877?
False
Does 213 divide 175665147?
True
Is 232015892 a multiple of 17?
False
Does 59 divide 2813901830?
False
Is 184 a factor of 36526392?
True
Is 65496732 a multiple of 21?
True
Does 66 divide 74583683?
False
Does 413 divide 600327499?
False
Does 2135 divide 109822265?
True
Is 324 a factor of 22509845?
False
Is 645901501 a multiple of 379?
False
Does 225 divide 489791907?
False
Is 29750965 a multiple of 258?
False
Is 2299 a factor of 299203810?
False
Is 2958469 a multiple of 6?
False
Is 2076 a factor of 233703624?
True
Is 126408879 a multiple of 97?
False
Is 18024500 a multiple of 235?
True
Is 376 a factor of 456572601?
False
Is 14 a factor of 15751239?
False
Is 8944530 a multiple of 35?
True
Is 1108 a factor of 439379616?
True
Is 477 a factor of 186255082?
False
Does 904 divide 241787419?
False
Does 1135 divide 414930331?
False
Does 12 divide 75555660?
True
Is 22178928 a multiple of 6?
True
Does 2084 divide 1022140101?
False
Does 303 divide 62734029?
True
Is 5667 a factor of 262994136?
True
Does 7433 divide 1553549095?
False
Is 23701638 a multiple of 51?
True
Is 362 a factor of 576304?
True
Is 37154550 a multiple of 12?
False
Is 181 a factor of 295066924?
True
Is 12857439 a multiple of 7?
True
Is 856866625 a multiple of 725?
True
Is 100988615 a multiple of 271?
False
Does 21 divide 4203234?
True
Does 133 divide 1867107865?
True
Is 213 a factor of 230419478?
False
Is 3235527829 a multiple of 23?
True
Is 4977 a factor of 331689141?
False
Is 164 a factor of 348061008?
False
Is 504193622 a multiple of 869?
False
Is 205282995 a multiple of 130?
False
Is 10 a factor of 51600910?
True
Is 41 a factor of 170590545?
True
Is 89 a factor of 16401949?
False
Is 398025414 a multiple of 22?
False
Is 1077 a factor of 36094542?
False
Does 734 divide 111347800?
True
Does 185 divide 705282885?
False
Does 4218 divide 157373580?
True
Is 4429 a factor of 148198769?
True
Is 14 a factor of 39628624?
True
Is 28254312 a multiple of 594?
False
Is 18084611 even?
False
Is 204 a factor of 462312713?
False
Does 86 divide 57306960?
True
Does 4 divide 1337995488?
True
Is 2925 a factor of 121811625?
True
Is 18574274 a multiple of 69?
False
Does 94 divide 74187526?
True
Is 5 a factor of 253132612?
False
Is 97847115 a multiple of 151?
False
Is 264357495 a multiple of 33?
False
Is 366 a factor of 7317353?
False
Is 2665 a factor of 1034267845?
True
Is 163241652 a multiple of 42?
True
Is 1485056928 a multiple of 96?
True
Does 287 divide 17228036?
True
Is 10559354 a multiple of 9?
False
Is 791025660 a multiple of 207?
True
Is 4025880 a multiple of 12?
True
Is 1600202 a multiple of 43?
True
Is 145 a factor of 72526535?
True
Is 24492258 a multiple of 49?
True
Does 10 divide 1054111684?
False
Does 5 divide 8659560?
True
Is 460 a factor of 35694160?
True
Is 5 a factor of 27875781?
False
Does 57 divide 2566189374?
False
Does 833 divide 68616703?
False
Does 38 divide 9692558?
False
Does 116 divide 1087372052?
True
Does 5526 divide 748067074?
False
Does 143 divide 13248521?
True
Is 543395996 a multiple of 52?
True
Is 2975 a factor of 128799186?
False
Is 707898870 a multiple of 1099?
True
Is 41587998 a multiple of 1803?
True
Does 204 divide 414657638?
False
Is 2 a factor of 7126367?
False
Is 25489530 a multiple of 3?
True
Is 30 a factor of 90361740?
True
Does 104 divide 98140432?
True
Is 569 a factor of 42691167?
False
Is 81 a factor of 2794408389?
True
Is 139660425 a multiple of 75?
True
Is 105147338 a multiple of 4518?
False
Is 9 a factor of 330122?
False
Does 21 divide 106475145?
True
Does 189 divide 62664273?
True
Is 57 a factor of 7980171?
True
Is 329229747 a multiple of 29?
False
Does 2 divide 46722094?
True
Is 3589859 a multiple of 7?
True
Is 27 a factor of 122857803?
True
Is 6088 a factor of 2209718107?
False
Is 1036 a factor of 2335171972?
True
Does 2 divide 3171324?
True
Does 346 divide 100005764?
True
Does 34 divide 263601694?
True
Is 28 a factor of 15895381?
False
Is 81249168 a multiple of 2002?
True
Is 41049962 a multiple of 11?
False
Is 49085014 a multiple of 42?
False
Is 122 a factor of 56997889?
False
Is 41808965 a multiple of 48?
False
Is 1106 a factor of 2320411920?
False
Does 85 divide 693278570?
False
Does 204 divide 3054542051?
False
Is 13 a factor of 21124774?
False
Is 50812324 a multiple of 9?
False
Does 17 divide 152840206?
False
Is 35 a factor of 268172590?
True
Does 21 divide 405701163?
True
Is 9490 a factor of 5653060140?
True
Is 5 a factor of 944414962?
False
Does 21 divide 7806708?
True
Does 604 divide 414709420?
True
Is 225230 a multiple of 41?
False
Is 6181712 a multiple of 17?
False
Does 4966 divide 146641928?
False
Is 707171625 a multiple of 15?
True
Is 1048241801 a multiple of 168?
False
Is 246936852 a multiple of 543?
True
Does 3 divide 24232410?
True
Is 2020 a factor of 824242133?
False
Is 1995314864 a multiple of 16?
True
Is 90365976 a multiple of 776?
True
Is 142827360 a multiple of 282?
True
Is 644229800 a multiple of 10?
True
Is 1230086 a multiple of 45?
False
Is 124 a factor of 142637840?
False
Is 3275 a factor of 450885625?
True
Does 112 divide 3867971744?
True
Is 56 a factor of 14353416?
True
Does 4 divide 18923664?
True
Is 4324976 even?
True
Does 2486 divide 116484016?
True
Is 910 a factor of 691539087?
False
Is 5 a factor of 12504345?
True
Is 154 a factor of 566905262?
True
Is 1036 a factor of 718684?
False
Is 504 a factor of 9905112?
True
Is 8876617 a multiple of 342?
False
Is 140526492 a multiple of 1002?
True
Is 529725833 a multiple of 19?
True
Is 216232749 a multiple of 242?
False
Does 203 divide 50601726?
False
Is 756 a factor of 122686704?
True
Is 2058315260 a multiple of 49?
False
Does 21 divide 473653853?
False
Does 6 divide 135019632?
True
Does 249 divide 6911991?
True
Is 233 a factor of 421183537?
False
Is 109 a factor of 10270089?
True
Does 72 divide 8798832?
True
Does 298 divide 23979762?
True
Does 78 divide 529402847?
False
Is 361 a factor of 72918029?
True
Does 12 divide 38190127?
False
Does 204 divide 342700824?
True
Is 557 a factor of 324180684?
True
Is 152198782 a multiple of 398?
True
Is 112831025 a multiple of 19?
True
Does 63 divide 61365021?
False
Does 174 divide 10654542?
True
Is 213689794 a multiple of 4?
False
Is 718184616 a multiple of 1011?
False
Is 32 a factor of 2746480?
False
Is 2488 a factor of 98766136?
True
Is 20 a factor of 473103540?
True
Is 4439273056 a multiple of 13?
False
Does 548 divide 832850